ite number?
True
Suppose -26 = -4*f - 6. Let x be (-1)/4 + 36/16. Suppose -x*p = 5*g - 949, g + 779 = f*g - 5*p. Is g a prime number?
True
Let n be (6/8)/(-3)*-44. Let v = n - 7. Let b(y) = 51*y - 1. Is b(v) a composite number?
True
Let j be 1/1 - (2 - 0) - -3. Suppose 309 - 3303 = -2*c - 2*h, -j*h + 5992 = 4*c. Is c prime?
True
Suppose -4*a - 26891 - 12763 = -2*d, -5*d + 99141 = -4*a. Is d/4 - 14/56 a composite number?
False
Let i(w) = -w**3 + 12*w**2 + 8*w - 16. Let x be i(13). Let y = 468 - x. Is 6 - 2 - y/(-3) prime?
False
Let q = -33 - -38. Is q/(-1) + 3*54 a prime number?
True
Let w = 1331 - -362. Is w a composite number?
False
Let h(f) be the first derivative of 19*f**3/3 - 3*f**2/2 - 4*f + 2. Let s be h(-2). Suppose 88 = 2*o - s. Is o a prime number?
True
Let w(q) = 150*q - 83. Is w(8) a prime number?
True
Let o = -67060 + 96467. Is o composite?
True
Let g = 36 - 68. Let w = g + 37. Suppose -4*p + 1578 = -p + w*i, 2*i + 1036 = 2*p. Is p composite?
False
Suppose 24*o - 60395 = -4643. Is o prime?
False
Suppose -5*j + 2*i = -23862 + 1901, 21943 = 5*j + 4*i. Is j a prime number?
True
Let n(u) = 1468*u - 1. Is n(2) composite?
True
Suppose 15*a - 11700 - 8445 = 0. Is a composite?
True
Let r = 18124 - 10517. Is r composite?
False
Let s = -33 - -29. Is 11/((-5)/1340*s) a prime number?
False
Suppose -828*i + 842*i = 599102. Is i a prime number?
True
Let o = 80 - -257. Is o a composite number?
False
Let q = -22 - 3. Let h be 310/q - (-4)/10. Is ((-3)/h + -1)*-4 a composite number?
False
Suppose -15 = o - 13. Is -1 - ((-4)/o - 152) a composite number?
False
Let u(p) be the first derivative of -p**4/4 + p**3 - p**2 + p - 3. Let h be u(5). Let d = -38 - h. Is d a composite number?
True
Suppose 0 = 4*v - 8*v + 44. Let z be 1*-3*v/(-33). Is (-21 - -17) + (372 - z) a composite number?
False
Let o(t) = 8*t + 1. Let y = -13 + 16. Suppose 0 = y*r + 9, r - 5 = -2*w - 0*r. Is o(w) a prime number?
False
Suppose 5*y + 5*j = 4*y - 12, 5*j + 15 = 0. Let w be ((y + -3)/(-2))/2. Suppose -q + 398 + 867 = 4*z, w = 2*q + 6. Is z a prime number?
True
Suppose 0 = y - 4*q - 2996, 8988 = 5*y - 2*y + 4*q. Let o = y - 1523. Let z = o + -584. Is z a prime number?
False
Let a be 231/(-105) - (4/10)/(-2). Is (-2*4/32 - a)*1828 prime?
False
Let m(j) = 14*j**3 - 9*j**2 - j + 8*j**2 + 9 - 4*j**2. Is m(4) a prime number?
True
Suppose -s = -4*s + 837. Suppose o = -s + 892. Is (0 + 0)/(-1) + o a composite number?
False
Let g(u) = 3*u**3 + 22*u**2 - 7*u - 45. Is g(14) prime?
True
Let r be ((-20)/3)/(30/(-45)). Suppose r*j - 502 = 8*j. Is j prime?
True
Suppose 0 = -56*p + 1556 + 1257380. Is p composite?
False
Suppose -2*q - 4*g = -1004, 0 = q - 5*q + g + 2035. Suppose 2*b + 17 = 5*u, u - 4*u - 3*b + 27 = 0. Suppose -u*a = -q + 173. Is a a composite number?
False
Let f(z) = 7 + z**3 + 2*z + 6 + 6. Is f(0) prime?
True
Let t = -1605 - -3148. Is t prime?
True
Suppose -16*y + 15*y - 3*k + 2083 = 0, 2*y + 2*k = 4182. Is y prime?
False
Is -7 + 2602 + (-6)/3 + 6 composite?
True
Suppose -2*t + 4*c + 4904 = -1074, 3*c = 3*t - 8958. Is t prime?
False
Let k(h) be the third derivative of -7*h**4/2 - h**3/6 - 4*h**2. Is k(-7) a composite number?
False
Let v be (3 + 3)/(-2) + 3. Suppose v = -5*r - 3*s + 8, 4*r - 2*s + 14 = 38. Suppose r*o + 506 = -2*d + 1812, 3*d + 673 = 2*o. Is o composite?
True
Let i(j) = j**3 + 8*j**2 - 22*j - 11. Let d be i(15). Suppose -1568 - d = -6*u. Is u composite?
True
Let s be 46/(-4)*(3 - -99). Let y = s + 2792. Is y a composite number?
False
Let v(l) = 12123*l**2 - 8*l - 21. Let k be v(-3). Is k/70 + -1*4/(-14) composite?
False
Let z = 6 + 32. Suppose -615 = 35*j - z*j. Is j a prime number?
False
Let r be 116/(-10)*(7 - 2). Let x = -110 - r. Let m = x + 137. Is m prime?
False
Let f be (4*1 + -2)*(14 + -12). Let c(s) = 1391*s + 27. Is c(f) prime?
True
Let i = 14889 + -7502. Is i a prime number?
False
Is (3049/(-4))/(6 + 50/(-8)) prime?
True
Let g(h) = 11*h + 12. Let d(a) = 2*a - 1. Let q(l) = 4*d(l) + g(l). Let t be 2*(-16)/(-2) + -1. Is q(t) prime?
True
Let p(a) = 2*a**2 - 8*a + 6. Let c be p(3). Let d be (-1 - 0)/(-2)*4. Suppose -u - d*u + 5*s + 207 = 0, 5*u - 2*s - 364 = c. Is u a prime number?
False
Is (-104)/156*(-113682)/4 composite?
False
Let h(c) = 6 + 6*c + 6*c**3 + 2*c - 6*c**2 - 2 - 3*c. Suppose 0 = -5*v - v + 18. Is h(v) prime?
True
Let m = -1303 + 26204. Is m a prime number?
False
Let s(u) = -79*u - 7. Let i be s(-5). Suppose -2*f + i = -5*l, -3*f - 393 + 975 = 3*l. Is f composite?
True
Suppose 0 = -37*k + 41*k + 256. Let t(v) = 23*v**2 - 4*v - 3. Let h be t(-2). Let i = k + h. Is i composite?
True
Let h(t) = t**2. Let v be h(0). Let f be (-1)/(2/(v + -870)). Suppose -d - f = -4*d. Is d prime?
False
Let s be -4*36/(-16)*1. Suppose b = -3*b + 14900. Suppose -s*d + 4*d + b = 0. Is d prime?
False
Let j = 77431 + -14948. Is j a prime number?
True
Let z(f) = 8*f - 3. Let j be z(-2). Let a(k) = k**3 + 19*k**2 - 3*k + 17. Is a(j) prime?
False
Let f(u) = 7517*u**2 + 17*u - 5. Is f(3) prime?
True
Let y = 12921 + -5183. Suppose 11*v = -2711 + y. Is v a prime number?
True
Is (3 - (-16)/(-8)) + 14036 composite?
True
Let x be (-2)/5*619*-5. Suppose 6*j + 2050 = -x. Let t = -370 - j. Is t a prime number?
False
Let w(b) = -203*b - 3. Let t be w(-5). Suppose x = 5*x + t. Let c = 504 + x. Is c a composite number?
False
Let w(f) = 2*f**2 - 8*f - 13. Suppose -5*t = -9*t - 32. Is w(t) composite?
False
Let i(a) be the second derivative of 0 + 0*a**2 + 1/3*a**4 + 5*a + 2/3*a**3 - 1/20*a**5. Is i(3) composite?
True
Suppose -3*b + 3*m + 109209 = 0, 145*b + 2*m + 109204 = 148*b. Is b a composite number?
True
Let y(c) = 1045*c + 1. Let h be y(1). Suppose 2*a - h = 68. Is a prime?
True
Suppose 49335 = 5*w + 4*l, -4*w - 7132 = 2*l - 46606. Is w a composite number?
False
Let v be (-5)/(-25) + 423/(-15). Let m = 81 + v. Is m composite?
False
Suppose t - 2*t - 7411 = -3*h, -4*h + 9884 = -2*t. Is (-5)/(-10)*8 + h a prime number?
True
Let p = -6 + 19. Suppose p*h - 254 = 11*h. Is h a composite number?
False
Suppose -4*v + 432 = -v. Suppose 4*p - v = p. Suppose 2*d - p = 106. Is d a composite number?
True
Is (-3 - -1636 - 1) + 7 composite?
True
Suppose 4*w - 373 = 135. Is w a prime number?
True
Suppose 5*n - 2*h = 78, -6*h = 2*n - 2*h - 36. Suppose 0 = -4*g - 4 + n. Suppose 5*x = 6*o - g*o - 89, -5*x = 4*o - 72. Is o composite?
False
Let p(v) = -18*v**3 + 5*v**2 - 4*v - 1. Is p(-6) a prime number?
True
Let i(j) = -j**3 + 43*j**2 - 6*j - 3. Is i(29) a prime number?
True
Let t = 21 + 24. Suppose -4*x + 0*j + t = j, 4*j + 12 = 0. Suppose -14*z = -x*z - 1534. Is z prime?
False
Let n = 335 - 134. Suppose 8*r - 10 = 3*r. Suppose r*g = -g + n. Is g composite?
False
Let t be (-22182)/(-6) - (2 - 7). Suppose 2*n - t = 11296. Is n prime?
True
Suppose 0 = -d + 8. Is (4695/6)/(12/d + -1) prime?
False
Let n(j) = 15*j + 6. Let m(r) = -7*r - 3. Let o(s) = 13*m(s) + 6*n(s). Let u be o(-7). Suppose x = 3*i - 533, 4*i - u*x - 886 = -i. Is i prime?
False
Is 6/(-2)*(1505/(-3) + 8) composite?
False
Suppose -r - 5 = -3*x, 0*r = -4*x + 3*r. Suppose 4*s - x = 3*s. Suppose -5*l + 10772 = -j + 3922, 0 = 5*l + s*j - 6870. Is l composite?
True
Let h be (-2)/(-6)*(5 + -5). Suppose 7*a - 2737 = -h*a. Is a composite?
True
Let v = -25 + 22. Is (-1)/v*(-3 + 5922) prime?
True
Suppose 7*w = -10*w + 216563. Is w prime?
True
Suppose 9*t + 1380 = 4*t. Let y = 515 + t. Is y a composite number?
False
Let x = 1672 - -609. Let o = x - 1086. Is o a prime number?
False
Suppose -6*t = -t - 35. Suppose 0 = -5*n - 3*k + 15, 4*k + 2 = 3*n - t. Suppose -15 = n*w, -4*g + 0*w + 322 = 2*w. Is g composite?
False
Suppose 5*c + 0*c - 42978 = -k, 0 = 5*c - 2*k - 42984. Suppose 8*h = 4*h + c. Is h a composite number?
True
Let h be ((-2)/(-4))/(5/20). Let i(f) = -f**3 - f**2 + 2*f + 81. Let w(o) = o**2 - o - 1. Let x(b) = h*w(b) + i(b). Is x(0) composite?
False
Let u be (1 - 1) + 17 + 70. Let p = u - 46. Is (-1 + -1)/((-1)/p) a composite number?
True
Let k(h) be the second derivative of h**6/180 - h**5/15 + 3*h**4/8 - 4*h**3/3 - 3*h. Let x(n) be the second derivative of k(n). Is x(6) composite?
True
Let y(q) = 2*q + 16. Let o be y(-7). Suppose -4*j - o*r = -954, 3*r = -2*j - 131 + 614. Is j a composite number?
True
Suppose 4*m - 3*p - 49 = 